-5*t + 25 = -a + 2*a. Suppose -3*x = -6*x + u - 2, a*x = -u + 10. Let z(f) = -23*f - 1. Give z(x).
-24
Let f(p) be the first derivative of 0*p**2 + 1/120*p**5 - 12 - 1/8*p**4 + 0*p - 7*p**3. Let o(x) be the third derivative of f(x). Calculate o(6).
3
Let l = -1 - -5. Let r(j) be the second derivative of -j**5/60 + j**4/6 + 2*j**3/3 - 20*j. Let m(f) be the second derivative of r(f). What is m(l)?
-4
Let r(m) = -2*m + 1. Suppose 14*f - 24 = 6*f. Let n(i) = i + 1. Let h(b) = f*n(b) + r(b). Calculate h(0).
4
Let a(o) = -56*o + 899. Let c be a(16). Let i(n) = 2*n**2 + 2*n + 5. What is i(c)?
29
Let c(m) = -4*m + 111. Let w be ((-9367)/(-68))/19*4. Calculate c(w).
-5
Let t(u) = -u**2 - 10*u - 20. Let c = -3801 - -1452. Let f be c/297 + (-1)/11. Determine t(f).
-4
Let a(s) = 53*s - 27 - 53*s + s. Let j be a(32). Let q(g) = g**2 - 6*g - 1. Calculate q(j).
-6
Suppose 19*t = -133*t + 3344. Let k(c) = c**3 - 23*c**2 + 23*c - 27. Give k(t).
-5
Let p(m) be the first derivative of m**4/4 - m**3 + 7*m**2/2 - 3*m - 2905. Determine p(4).
41
Let v(y) be the first derivative of y**4/4 + 2*y**3 + 3*y**2 + 2*y + 1. Let l(n) = 7*n**2 - 807*n + 17102. Let t be l(28). Calculate v(t).
-34
Suppose w - 37 = -5*b, 10*b = 5*b - 4*w + 43. Let o(m) = b*m**2 - 3*m**2 - 1 + 3*m - 2*m**2 - m**2. What is o(-3)?
-1
Suppose 3*j - 4*j + 3 = 0. Let f(x) = -3 - 4*x - 4 + j*x. Suppose -2*o - 4*s = 32, 8 = 4*o - 162*s + 161*s. Calculate f(o).
-7
Let f be (1 - 2)/(-7) - (-60)/21. Let b(x) = -4*x + 19*x + f - 13*x. Determine b(-5).
-7
Let z(w) = w**3 + 19*w**2 + 35*w - 13. Let u = -1145 + 1128. Calculate z(u).
-30
Let o(t) = t**3 + 7*t**2 + 3*t + 1. Let l(c) = 14*c - 7. Let z be l(5). Suppose 242 = 32*p - 1582. Let m = p - z. Calculate o(m).
19
Suppose 885 = 28*m + 941. Let c(g) = g**3 + 4*g**2 + 5*g + 2. Give c(m).
0
Let o(y) = y**2 + 4*y - 52. Let m(q) = q**3 + 55*q**2 + q + 45. Let l be m(-55). Determine o(l).
8
Suppose 3*r - 3 = 0, 3*i - 2*r = -6*r + 7. Let q(x) be the first derivative of x + x**3 + 1 - 1/2*x**2. Calculate q(i).
3
Let y(x) = -1010 + 1994 - 5*x - 1026. Give y(-16).
38
Suppose 2*w + 17 = 21. Let y(b) be the first derivative of 6*b**w - 5 + b**2 - 8*b**2 - 2*b**2. Give y(1).
-6
Let d(f) = -f**2 + 6*f - 5. Let a(m) = 4*m + 1. Let k be a(2). Suppose -k*g = 5*g - 84. What is d(g)?
-5
Let j = -5 - -3. Let q(i) = i**3 - 9*i**2 - 10*i + 12. Let t be q(10). Let n(r) = -t + 15 - 1 - 2*r. Give n(j).
6
Let k = 174 + -318. Let h be (k/27)/(2/3). Let i(l) = l**2 + 7*l + 6. Calculate i(h).
14
Let t(h) = -11*h**3 + 53*h**2 + 10*h + 91. Let m(k) = k**3 - 5*k**2 - k - 9. Let j(g) = 21*m(g) + 2*t(g). Calculate j(2).
-13
Let p be 7*(-2 - (56/(-28))/((-7)/(-10))). Let v(a) be the third derivative of 0 - 1/30*a**5 + 0*a - 1/30*a**p - 9*a**2 - 1/6*a**3 + 1/12*a**4. Determine v(1).
-5
Let f(v) = 25*v - 7. Let n(u) = -69*u + 26. Let s(i) = -8*f(i) - 3*n(i). Determine s(7).
27
Let z be (48/(-40))/(1/(-5)*2). Suppose -2*a + 12 = -3*o, 3*o - a = z*a - 12. Let c(f) = -f**3 - 4*f**2 - 2*f - 1. Give c(o).
7
Let j(h) be the second derivative of -h**5/60 + 7*h**4/24 + 4*h**3/3 - 219*h**2/2 + 71*h. Let z(m) be the first derivative of j(m). Determine z(6).
14
Suppose -64*r + 60*r = -4*s + 4, -r + 2*s - 4 = 0. Let c(o) = -17*o + 2 + r*o + 8*o + 8*o. Calculate c(-3).
-1
Let o be (16/4 - 12)*-1. Let g(j) = j**2 + 22236*j - 11116*j + 20 - 11130*j. Calculate g(o).
4
Let j = -294 - -294. Let s(z) = -6*z - 25. Determine s(j).
-25
Let n = -25 - -15. Let c be 1/((n/(-14))/(-5)). Let t(j) = 13*j**3 + j**2 + 5*j + 6. Let y(b) = -11*b**3 - 5*b - 5. Let v(l) = -6*t(l) - 7*y(l). Determine v(c).
13
Let z(s) = s**3 - 45 + 498*s**2 + 493*s**2 + s - 996*s**2. Give z(6).
-3
Suppose -69 = -45*k - 654. Let r(f) = -f**3 - 14*f**2 - 13*f - 13. Determine r(k).
-13
Let i(b) = -b**3 - 18*b**2 - 17*b - 9. Let q = -248 - -251. Suppose q*c = -r - 5, r - 16*c + 13 = -17*c. Determine i(r).
-9
Let w(a) = -8*a - 27 + 8*a + a - 6*a + 2*a. What is w(-7)?
-6
Let v(k) be the second derivative of -5*k**4/12 - k**3/6 - k**2 + 17*k - 6. Let h be 25/(-15) + 2*(-3)/(-9). What is v(h)?
-6
Let f(t) = 80*t + 4. Let s(g) = 70*g + 3. Let q(y) = -5*f(y) + 6*s(y). Determine q(1).
18
Let l(y) = -y**2 + 5*y + 2. Let h = 79 - 81. Let q(a) = a. Let f(i) = h*q(i) - l(i). Let g be (-6)/(-15) + 18/5. Determine f(g).
-14
Let x(a) = -1 - 6*a + 4 + 13*a. Let r = 1816 - 1817. What is x(r)?
-4
Let a(h) = -h - 5. Let b be a(-8). Let m(d) = -d**2 - b - 3 + 2*d**2 - 4 + d. Let y be 0/((3 - 18) + 13). Calculate m(y).
-10
Let s(p) = -5*p - 45 + 9*p**2 - 12*p + 3*p**2 - 17 - 13*p**2. What is s(-8)?
10
Let u(b) = -b - 10. Let c = 1861 + -1868. Give u(c).
-3
Let v be (-10)/((-1)/1)*-1. Let j(m) = -13*m**3 - 45*m**2 + 49*m + 125. Let h(q) = 3*q**3 + 11*q**2 - 12*q - 29. Let p(i) = -9*h(i) - 2*j(i). Calculate p(v).
11
Suppose -24*l = -19*l - 4*b - 23, -l - 2*b + 13 = 0. Let r(i) = 1. Let k(w) = w - 3. Let j = -22 - -24. Let t(h) = j*r(h) + k(h). Calculate t(l).
6
Let w be 0 - (1 - 11 - -1). Let t(c) = -46*c + 3. Let n(q) = -61*q - 1. Let k(l) = 3*n(l) - 4*t(l). Give k(w).
-6
Let c(a) = a**3 + 8*a**2 - 2*a - 8. Suppose 13*l = 11*l - 74. Let v(d) = -d**3 - 7*d**2 + 7*d + 4. Let o be v(-7). Let w = o - l. Give c(w).
8
Let b(s) be the third derivative of -s**4/4 - s**3/3 + 46*s**2 - 4*s. Calculate b(-1).
4
Let l be -1*45/(0 + -5). Suppose 26 = -7*g - l. Let p(x) = -x**3 - 7*x**2 - 5*x + 3. Give p(g).
-22
Let a(o) = o + 39. Let p(c) = 55*c + 1050. Let b(j) = -30*a(j) + p(j). Calculate b(5).
5
Suppose 20*z = -44*z - 27*z - 546. Let u(c) be the first derivative of c**2 + 10*c - 2. Determine u(z).
-2
Let h(w) be the second derivative of w**7/504 + w**6/720 + 11*w**4/12 - 39*w. Let y(s) be the third derivative of h(s). Suppose -4*q - 5 = q. Determine y(q).
4
Let y be ((10/25)/(21/(-175)))/(2/6). Let g(b) = -b**2 - 19*b - 16. Give g(y).
74
Suppose -631 + 766 = 19*a + 26*a. Let p(x) = -x**2 - 2*x**2 + 4 + 0*x**2. Calculate p(a).
-23
Let u(t) = -24*t**2 - 100*t + 72. Let j(q) = -13*q**2 - 56*q + 36. Let v(x) = 11*j(x) - 6*u(x). Determine v(18).
0
Suppose -10 = -5*r, -7*r - 106 = d - 8*r. Suppose -180 = -2*z + 6*n - n, 280 = 3*z - 5*n. Let f = d + z. Let t(p) = -3*p - 1. Calculate t(f).
11
Let c(i) be the third derivative of 5*i**4/4 - 247*i**3/6 + i**2 + 35. Let y be c(8). Let x(q) = -q + 4. Determine x(y).
11
Let y(s) = 13*s - 351. Let q be y(28). Let f(g) = g**2 - 17*g + 58. What is f(q)?
6
Let m(h) = -h**2 + 713*h + 1432. Let q be m(-2). Let g(w) = w**2 - w + 1. Let k be g(2). Let t(j) = 0 + 1 - j**3 - j - j**k. What is t(q)?
-17
Let g(i) = -17*i**3 + 6*i**3 + 8*i**2 - 21*i + 34*i + 12*i**3. Determine g(-6).
-6
Let q(j) = 3*j**2 + 1. Let v be (-205)/2*(-24)/30. Suppose 5*n - 42*t - 402 = -45*t, -238 = -3*n - 5*t. Let i = n - v. Calculate q(i).
4
Let a(o) be the second derivative of 7/6*o**3 - 6*o + 0 - 1/120*o**5 + 0*o**2 + 3/8*o**4. Let l(t) be the second derivative of a(t). Calculate l(4).
5
Let o be (-15 - 236/(-16))/(2 - 8). Let w(g) be the third derivative of -24*g**2 + 0*g - 1/40*g**6 + 0 + 0*g**3 + 1/30*g**5 + o*g**4. What is w(-1)?
4
Let s(p) = -8*p - 11. Suppose -247 = 33*d + 50. Determine s(d).
61
Let j = -18 + 24. Let c be (-31)/(-3) + 4/j. Let r(q) = -5 + q**2 + 3*q - c*q + 3*q. Determine r(5).
-5
Let g(f) = f**3 + f**2 - f + 14. Let n(o) = -7*o**3 - 17*o**2 + 19*o - 88. Let y(b) = 6*g(b) + n(b). Determine y(-12).
-16
Let n(s) be the second derivative of -s**5/20 - s**4/4 + s**3/3 + s**2/2 + 5*s. Let l be (72/(-240) - 14/20)*3. Determine n(l).
-5
Let n(k) = 4*k**2 - 24*k - 36. Let x(v) = -3*v**2 + 21*v + 28. Let s(f) = 4*n(f) + 5*x(f). Calculate s(-9).
-4
Let j be ((-129)/4)/(5/20). Let q be j/(-9) - 6/(-9). Suppose -q*z = -13*z + 6. Let f(t) = -4*t - 1. Calculate f(z).
11
Let v be (-6)/(-2)*60/18. Suppose -22 - v = -4*o. Let r(l) = -o*l - l + 4 + 10*l. What is r(5)?
9
Let x(q) be the first derivative of -q**4/4 + 10*q**3/3 + 2*q**2 - 6*q - 523. Determine x(10).
34
Let q(b) be the first derivative of -5*b**2/2 + 61*b + 1085. Give q(14).
-9
Let w(n) = n - 12. Let t = 6504 - 6479. Give w(t).
13
Let s(r) be the first derivative of -r + 47 - 11/3*r**3 - 1/2*r**2. Let t = -16 - -15. Determine s(t).
-11
Let w = 2554 - 2567. Let s(a) = 3*a + 31. Calculate s(w).
-8
Let p(